actor of 116450 and 465775?
25
What is the highest common divisor of 513 and 1244367?
171
What is the greatest common divisor of 1111076823 and 717?
717
Calculate the highest common factor of 5720 and 320845200.
520
What is the highest common divisor of 10223369 and 4553?
157
Calculate the greatest common factor of 1911 and 5032209.
273
Calculate the greatest common factor of 94542 and 42.
42
What is the highest common factor of 257670174 and 6?
6
What is the highest common divisor of 1112540 and 340?
20
Calculate the highest common divisor of 108174 and 8796066.
894
Calculate the greatest common factor of 825 and 2181675.
75
What is the greatest common divisor of 631840 and 170720?
1760
Calculate the highest common divisor of 992772 and 184.
92
What is the greatest common divisor of 2418 and 6755086?
806
What is the greatest common divisor of 441139 and 4964?
73
What is the highest common factor of 32093 and 62243?
67
Calculate the highest common factor of 200074371 and 84.
21
Calculate the highest common factor of 13662 and 489808.
506
What is the highest common divisor of 4330624 and 32?
32
What is the greatest common factor of 42952 and 10891608?
728
What is the greatest common divisor of 153 and 98158?
17
Calculate the highest common factor of 3324750 and 65.
65
What is the highest common divisor of 1235 and 7974205?
95
Calculate the greatest common divisor of 406791 and 191949.
1761
What is the greatest common factor of 8861504 and 3152?
16
Calculate the greatest common factor of 32603831 and 253877.
4303
What is the highest common divisor of 43749 and 38511?
9
Calculate the highest common factor of 34504652 and 28.
28
What is the greatest common factor of 138452677 and 77?
11
What is the greatest common factor of 1599470 and 66926?
614
Calculate the greatest common divisor of 81565 and 140305.
55
What is the greatest common divisor of 250 and 22255750?
250
What is the greatest common divisor of 2702 and 304878?
14
What is the highest common divisor of 5784 and 258744?
24
Calculate the greatest common factor of 1084960 and 1360.
80
What is the highest common factor of 604567 and 667648?
163
Calculate the greatest common divisor of 57 and 4098433.
19
What is the greatest common divisor of 2874594 and 1168?
146
What is the greatest common divisor of 14040 and 3635450?
130
Calculate the highest common divisor of 10329 and 228308773.
3443
Calculate the highest common divisor of 4749983 and 161.
161
Calculate the highest common factor of 615044 and 56564.
716
What is the highest common factor of 7126411 and 10481?
223
Calculate the greatest common factor of 116376925 and 350.
175
Calculate the highest common factor of 674208514 and 1316.
658
What is the highest common divisor of 13486211 and 904?
113
What is the highest common divisor of 1602778941 and 27?
27
What is the greatest common divisor of 279762 and 1092?
42
Calculate the greatest common divisor of 19896502 and 135312.
5638
What is the greatest common divisor of 12093442 and 328?
82
What is the highest common divisor of 885 and 394703982?
177
What is the greatest common factor of 2269837 and 1179?
131
What is the highest common divisor of 1299 and 1556304621?
1299
What is the greatest common factor of 5945 and 10958520?
145
What is the greatest common divisor of 341014033 and 34?
17
Calculate the greatest common factor of 1940 and 213020.
20
What is the highest common divisor of 118310660 and 21498?
7166
What is the greatest common divisor of 490293 and 783?
27
What is the highest common divisor of 167877 and 87142761?
7299
What is the highest common factor of 28635432 and 152?
152
What is the highest common factor of 297 and 6216529?
11
What is the greatest common divisor of 245032477 and 1017?
113
What is the highest common divisor of 37443174 and 7170?
1434
What is the greatest common factor of 17313182 and 2?
2
What is the highest common factor of 10168 and 19591112?
328
Calculate the highest common divisor of 16483 and 466453.
53
What is the highest common divisor of 126 and 9890100?
18
Calculate the greatest common divisor of 246942 and 118360.
538
What is the highest common divisor of 74498 and 11598335?
193
What is the highest common divisor of 141593 and 19193?
17
Calculate the highest common factor of 73087522 and 62.
62
What is the greatest common factor of 1560 and 1081417740?
780
What is the highest common factor of 863551 and 110953?
181
Calculate the greatest common divisor of 63 and 937.
1
What is the highest common factor of 3549 and 7519148?
1183
Calculate the highest common divisor of 548 and 119733342.
274
Calculate the greatest common factor of 5875 and 312875.
125
Calculate the greatest common factor of 1452070 and 100.
10
What is the highest common divisor of 28250 and 600934?
226
Calculate the highest common divisor of 83007 and 369081.
207
Calculate the highest common divisor of 58806 and 253858.
242
What is the highest common divisor of 66281280 and 3760?
3760
Calculate the greatest common factor of 23541338 and 434.
62
Calculate the highest common factor of 14690782 and 1941.
647
Calculate the highest common factor of 2509 and 11096149.
193
Calculate the greatest common divisor of 67797 and 199737.
9
What is the greatest common divisor of 13689 and 75227139?
1521
What is the greatest common divisor of 4 and 1061363?
1
What is the greatest common factor of 9747 and 1731267?
27
Calculate the greatest common factor of 9665055 and 405.
135
Calculate the greatest common factor of 299 and 2878720.
13
What is the highest common divisor of 12092460 and 11772?
1308
Calculate the greatest common divisor of 70 and 220321297.
7
What is the greatest common divisor of 731155 and 1075967?
349
What is the highest common factor of 57669732 and 4374?
1458
What is the highest common divisor of 63246 and 162306?
762
What is the highest common factor of 204 and 670218?
6
What is the greatest common factor of 102182 and 4332?
38
What is the highest common factor of 129574 and 1628?
74
Calculate the highest common factor of 8432 and 234329.
31
Calculate the greatest common divisor of 352 and 43974700.
44
Calculate the greatest common factor of 209032992 and 1197.
63
Calculate the highest common divisor of 3113486 and 10058.
214
What is the greatest common factor of 22769681 and 5797?
187
Calculate the highest common factor of 545260 and 2389990.
1990
Calculate the highest common factor of 9650820 and 478.
478
What is the highest common factor of 961 and 46253891?
961
Calculate the greatest common factor of 34 and 116662262.
34
Calculate the greatest common factor of 79758 and 323190.
378
Calculate the greatest common factor of 211325602 and 1018.
1018
What is the greatest common divisor of 2609633 and 5232929?
13663
Calculate the highest common factor of 5956305 and 105.
15
Calculate the greatest common factor of 114597 and 539784.
1071
What is the highest common divisor of 124488 and 32757634?
3458
What is the greatest common divisor of 572 and 41818348?
572
Calculate the highest common divisor of 708 and 10478046.
354
What is the highest common divisor of 192676060 and 92?
92
Calculate the highest common divisor of 144 and 4757400.
72
What is the highest common factor of 20962801 and 172?
43
What is the highest common factor of 22661760 and 20240?
880
Calculate the highest common divisor of 5135360 and 19380.
340
What is the highest common divisor of 3970 and 56048460?
3970
Calculate the highest common divisor of 219883336 and 464.
232
What is the greatest common factor of 627 and 2300064?
57
Calculate the greatest common divisor of 23616 and 1700544.
192
What is the highest common divisor of 1742 and 1495574?
134
Calculate the highest common divisor of 6123258 and 22005.
1467
Calculate the greatest common factor of 435 and 212225770.
145
Calculate the greatest common factor of 2095 and 12593045.
2095
Calculate the highest common factor of 938797018 and 34.
34
Calculate the highest common factor of 379577 and 41140.
121
Calculate the greatest common divisor of 39 and 33929246.
13
What is the greatest common factor of 320072 and 8?
8
Calculate the highest common divisor of 4207063 and 1470.
7
Calculate the highest common factor of 767696736 and 384.
96
Calculate the greates